ime factors of 38223.
3, 31, 137
What are the prime factors of 12674?
2, 6337
List the prime factors of 9201.
3, 3067
What are the prime factors of 19632?
2, 3, 409
What are the prime factors of 1989?
3, 13, 17
What are the prime factors of 26808?
2, 3, 1117
What are the prime factors of 393?
3, 131
List the prime factors of 197.
197
What are the prime factors of 12477?
3, 4159
What are the prime factors of 81287?
29, 2803
What are the prime factors of 336?
2, 3, 7
What are the prime factors of 52019?
11, 4729
What are the prime factors of 1492?
2, 373
List the prime factors of 52.
2, 13
What are the prime factors of 5936?
2, 7, 53
List the prime factors of 4798.
2, 2399
What are the prime factors of 1754?
2, 877
List the prime factors of 41074.
2, 11, 1867
List the prime factors of 1754.
2, 877
List the prime factors of 220.
2, 5, 11
What are the prime factors of 1052?
2, 263
List the prime factors of 17370.
2, 3, 5, 193
List the prime factors of 2548.
2, 7, 13
List the prime factors of 103647.
3, 34549
List the prime factors of 392.
2, 7
List the prime factors of 2101.
11, 191
What are the prime factors of 65837?
65837
List the prime factors of 3934.
2, 7, 281
What are the prime factors of 1639?
11, 149
What are the prime factors of 51848?
2, 6481
What are the prime factors of 690?
2, 3, 5, 23
List the prime factors of 1278.
2, 3, 71
List the prime factors of 9158.
2, 19, 241
What are the prime factors of 11479?
13, 883
List the prime factors of 2330.
2, 5, 233
List the prime factors of 3651.
3, 1217
What are the prime factors of 6272?
2, 7
What are the prime factors of 239?
239
List the prime factors of 12465.
3, 5, 277
What are the prime factors of 539?
7, 11
List the prime factors of 40534.
2, 13, 1559
List the prime factors of 1807.
13, 139
What are the prime factors of 44573?
29, 53
List the prime factors of 28439.
28439
What are the prime factors of 65139?
3, 21713
List the prime factors of 8832.
2, 3, 23
What are the prime factors of 3806?
2, 11, 173
What are the prime factors of 15793?
17, 929
What are the prime factors of 258?
2, 3, 43
List the prime factors of 626.
2, 313
List the prime factors of 5093.
11, 463
What are the prime factors of 2060?
2, 5, 103
List the prime factors of 2723.
7, 389
List the prime factors of 1146.
2, 3, 191
List the prime factors of 96159.
3, 7, 19, 241
List the prime factors of 21870.
2, 3, 5
List the prime factors of 751.
751
What are the prime factors of 16361?
16361
List the prime factors of 68163.
3, 22721
What are the prime factors of 10265?
5, 2053
What are the prime factors of 25600?
2, 5
List the prime factors of 11338.
2, 5669
What are the prime factors of 2849?
7, 11, 37
List the prime factors of 1495.
5, 13, 23
List the prime factors of 48690.
2, 3, 5, 541
List the prime factors of 74661.
3, 41, 607
List the prime factors of 8225.
5, 7, 47
List the prime factors of 15964.
2, 13, 307
What are the prime factors of 655?
5, 131
List the prime factors of 43296.
2, 3, 11, 41
What are the prime factors of 15332?
2, 3833
List the prime factors of 3829.
7, 547
What are the prime factors of 2820?
2, 3, 5, 47
What are the prime factors of 8841?
3, 7, 421
What are the prime factors of 728?
2, 7, 13
What are the prime factors of 1324?
2, 331
List the prime factors of 4685.
5, 937
List the prime factors of 48366.
2, 3, 2687
What are the prime factors of 3995?
5, 17, 47
List the prime factors of 47689.
103, 463
What are the prime factors of 845?
5, 13
List the prime factors of 13549.
17, 797
List the prime factors of 55.
5, 11
What are the prime factors of 1550?
2, 5, 31
What are the prime factors of 4019?
4019
List the prime factors of 19430.
2, 5, 29, 67
List the prime factors of 888.
2, 3, 37
List the prime factors of 600.
2, 3, 5
List the prime factors of 703.
19, 37
What are the prime factors of 8229?
3, 13, 211
What are the prime factors of 244?
2, 61
What are the prime factors of 1337?
7, 191
What are the prime factors of 3209?
3209
List the prime factors of 19970.
2, 5, 1997
What are the prime factors of 5978?
2, 7, 61
List the prime factors of 57125.
5, 457
What are the prime factors of 11589?
3, 3863
List the prime factors of 24890.
2, 5, 19, 131
List the prime factors of 81.
3
What are the prime factors of 226?
2, 113
List the prime factors of 51361.
51361
What are the prime factors of 53729?
13, 4133
List the prime factors of 1108.
2, 277
What are the prime factors of 10636?
2, 2659
List the prime factors of 38882.
2, 19441
What are the prime factors of 58836?
2, 3, 4903
What are the prime factors of 8940?
2, 3, 5, 149
List the prime factors of 4019.
4019
List the prime factors of 1967.
7, 281
What are the prime factors of 17331?
3, 53, 109
What are the prime factors of 413?
7, 59
What are the prime factors of 1828?
2, 457
List the prime factors of 256.
2
What are the prime factors of 182?
2, 7, 13
What are the prime factors of 555?
3, 5, 37
What are the prime factors of 3991?
13, 307
List the prime factors of 48994.
2, 11, 17, 131
What are the prime factors of 248?
2, 31
List the prime factors of 351.
3, 13
List the prime factors of 2199.
3, 733
What are the prime factors of 1113?
3, 7, 53
List the prime factors of 3274.
2, 1637
List the prime factors of 4532.
2, 11, 103
What are the prime factors of 24934?
2, 7, 13, 137
What are the prime factors of 1600?
2, 5
List the prime factors of 83788.
2, 20947
List the prime factors of 24542.
2, 7, 1753
What are the prime factors of 34810?
2, 5, 59
What are the prime factors of 921?
3, 307
What are the prime factors of 17374?
2, 7, 17, 73
What are the prime factors of 14009?
14009
List the prime factors of 93426.
2, 3, 23, 677
What are the prime factors of 156827?
11, 53, 269
List the prime factors of 2129.
2129
What are the prime factors of 1642?
2, 821
List the prime factors of 11493.
3, 1277
List the prime factors of 86809.
47, 1847
List the prime factors of 308.
2, 7, 11
List the prime factors of 1065.
3, 5, 71
List the prime factors of 49943.
49943
What are the prime factors of 18?
2, 3
List the prime factors of 12503.
12503
List the prime factors of 107516.
2, 26879
List the prime factors of 120977.
120977
What are the prime factors of 11032?
2, 7, 197
What are the prime factors of 1168?
2, 73
List the prime factors of 15464.
2, 1933
List the prime factors of 1736.
2, 7, 31
What are the prime factors of 14426?
2, 7213
What are the prime factors of 1128?
2, 3, 47
What are the prime factors of 50350?
2, 5, 19, 53
List the prime factors of 5819.
11, 23
What are the prime factors of 471?
3, 157
List the prime factors of 6702.
2, 3, 1117
What are the prime factors of 762?
2, 3, 127
List the prime factors of 1213.
1213
List the prime factors of 21846.
2, 3, 11, 331
What are the prime factors of 8038?
2, 4019
List the prime factors of 12213.
3, 23, 59
What are the prime factors of 15032?
2, 1879
What are the prime factors of 46041?
3, 103, 149
What are the prime factors of 666?
2, 3, 37
List the prime factors of 1271.
31, 41
List the prime factors of 41024.
2, 641
What are the prime factors of 5567?
19, 293
List the prime factors of 13024.
2, 11, 37
What are the prime factors of 125248?
2, 19, 103
What are the prime factors of 1760?
2, 5, 11
What are the prime factors of 4740?
2, 3, 5, 79
What are the prime factors of 80?
2, 5
What are the prime factors of 5593?
7, 17, 47
List the prime factors of 26004.
2, 3, 11, 197
What are the prime factors of 869?
11, 79
List the prime factors of 1196.
2, 13, 23
What are the prime factors of 5772?
2, 3, 13, 37
List the prime factors of 1295.
5, 7, 37
List the prime factors of 73706.
2, 137, 269
What are the prime factors of 17537?
13, 19, 71
List the prime factors of 44110.
2, 5, 11, 401
What are the prime factors of 2706?
2, 3, 11, 41
List the prime factors of 7124.
2, 13, 137
What are the prime factors of 68219?
68219
List the prime factors of 26938.
2, 13469
What are the prime factors of 76396?
2, 71, 269
What are the prime factors of 50448?
2, 3, 1051
List the prime factors of 74060.
2, 5, 7, 23
What are the prime factors of 14063?
7, 41
What are the prime factors of 38203?
11, 23, 151
What are the prime factors of 386?
2, 193
What are the prime factors of 794?
2, 397
What are the prime factors of 1586?
2